{"id":133,"date":"2018-11-30T12:28:29","date_gmt":"2018-11-30T11:28:29","guid":{"rendered":"http:\/\/www.arciconfrssrosario.it\/?page_id=133"},"modified":"2018-11-30T12:28:48","modified_gmt":"2018-11-30T11:28:48","slug":"privacy-policy","status":"publish","type":"page","link":"http:\/\/www.arciconfrssrosario.it\/?page_id=133","title":{"rendered":"Privacy Policy"},"content":{"rendered":"<p><strong>Informativa Privacy e Cookie Policy\u00a0<\/strong><br \/>\n<strong>Trattamento dei dati personali ai sensi del Regolamento UE n. 679\/2016 (\u201cGDPR\u201d)<\/strong><\/p>\n<p><strong>Titolare del trattamento<\/strong><br \/>\nIl Titolare del trattamento dei dati \u00e8 <strong>Arciconfraternita del Santissimo Rosario del Trivione\u00a0<\/strong>\u00a0con sede in <strong>Via Sanzano n. 1 \u2013 80054 Gragnano (NA) Italia<\/strong> (in seguito, \u201c<strong>Titolare<\/strong>\u201c).<br \/>\nPer contattare il Titolare inviare una email a <a href=\"mailto:info@arciconfrssrosario.it\">info@arciconfrssrosario.it<\/a><br \/>\nIl Titolare del trattamento assicura il rispetto di ogni normativa in materia di privacy ai sensi del Regolamento Europeo per la protezione dei dati personali n. 679\/2016 (GDPR, \u201cGeneral Data Protection Regulation\u201d) e successive modifiche.<\/p>\n<p><strong>Tipi di dati trattati<\/strong><br \/>\nI dati oggetto della presente informativa sono tutti i dati personali, identificativi e non sensibili (a titolo esemplificativo ma non esaustivo, nome, cognome, ragione sociale, indirizzo, telefono, e-mail \u2013 in seguito, \u201c<strong>dati personali<\/strong>\u201d o anche \u201c<strong>dati<\/strong>\u201c) forniti espressamente da coloro che interagiscono con i servizi web di questo sito accessibile per via telematica all\u2019indirizzo <a href=\"http:\/\/www.arciconfrssrosario.it\">www.arciconfrssrosario.it\u00a0<\/a>(in seguito, \u201c<strong>Sito<\/strong>\u201c). L\u2019informativa \u00e8 resa solo per questo Sito e non anche per altri siti web eventualmente consultati dall\u2019utente tramite link.<\/p>\n<p><strong>Finalit\u00e0 del trattamento dei dati<\/strong><br \/>\nI dati personali sono trattati per le seguenti finalit\u00e0 (in seguito, \u201c<strong>Finalit\u00e0 di Servizio<\/strong>\u201c):<br \/>\n\u2022 gestire ed erogare i servizi offerti tramite il Sito;<br \/>\n\u2022 permettere all\u2019utente di fruire dei servizi espressamente richiesti;<br \/>\n\u2022 processare una richiesta di contatto generata dal Sito (ad esempio, rispondere ad una email ricevuta, contattare l\u2019utente al telefono);<br \/>\n\u2022 effettuare comunicazioni relative allo svolgimento del rapporto instaurato;<br \/>\n\u2022 elaborazione dei dati personali forniti dall\u2019utente e di quelli desunti dalla sua navigazione sul Sito allo scopo di erogare un servizio coerente con l\u2019utilizzo del servizio stesso;<br \/>\n\u2022 raccolta, conservazione ed elaborazione dei dati di navigazione per compiere analisi statistiche in forma anonima e aggregata;<br \/>\n\u2022 adempiere agli obblighi previsti dalla legge, da un regolamento, dalla normativa comunitaria o da un ordine dell\u2019Autorit\u00e0;<br \/>\n\u2022 prevenire o scoprire attivit\u00e0 fraudolente o abusi dannosi per il Sito;<br \/>\n\u2022 esercitare i diritti del Titolare, ad esempio il diritto di esercizio di un diritto in sede giudiziaria.<br \/>\nInoltre, solo previo specifico e distinto consenso da parte dell\u2019utente, i dati personali sono trattati per le seguenti altre finalit\u00e0 (in seguito, \u201c<strong>Altre Finalit\u00e0<\/strong>\u201c):<br \/>\n\u2022 invio di newsletter;<br \/>\n\u2022 invio tramite email di comunicazioni relative a sondaggi di opinione e di gradimento;<br \/>\n\u2022 invio tramite email di inviti ad eventi o di iscrizioni ad eventi di cui \u00e8 parte o che organizza il Titolare.<\/p>\n<p><strong>Luogo di trattamento dei dati<\/strong><br \/>\nI trattamenti connessi ai servizi web di questo Sito hanno luogo presso la sede del Titolare e presso il datacenter del web Hosting in cui \u00e8 ospitato il Sito. Sono curati solo da personale tecnico incaricato del trattamento, oppure da eventuali incaricati di occasionali operazioni di manutenzione. Nessun dato derivante dal servizio web viene comunicato o diffuso salvo nei casi espressamente previsti dalla legge.<\/p>\n<p><strong>Modalit\u00e0 del trattamento<\/strong><br \/>\nI dati personali forniti dagli utenti sono utilizzati al solo fine di eseguire i servizi forniti dal Sito e solo per gli scopi indicati nelle finalit\u00e0 del trattamento, sono comunicati a terzi solo nel caso in cui ci\u00f2 sia a tal fine necessario.<br \/>\nOltre ai dati conferiti espressamente potranno essere registrati altri dati derivanti dalla navigazione dell\u2019utente sul Sito. Per qualsiasi accesso al Sito registriamo il tipo di browser, il sistema operativo, l\u2019host e l\u2019URL di provenienza, oltre ai dati sulla pagina richiesta. Questi dati sono utilizzati in forma aggregata ed anonima per analisi statistiche sull\u2019utilizzo del Sito.<br \/>\nI dati personali saranno trattati per le seguenti operazioni: raccolta, registrazione, organizzazione, conservazione, consultazione, elaborazione, modificazione, selezione, estrazione, raffronto, utilizzo, interconnessione, blocco, comunicazione, cancellazione e distruzione dei dati. Il trattamento sar\u00e0 effettuato con strumenti elettronici e\/o automatizzati e telematici con logiche di organizzazione ed elaborazione strettamente correlate alle finalit\u00e0 stesse e comunque in modo da garantire la sicurezza, l\u2019integrit\u00e0 e la riservatezza dei dati stessi nel rispetto delle misure organizzative, fisiche e logiche previste dalle disposizioni vigenti. Il Titolare tratter\u00e0 i dati personali per il tempo necessario per adempiere alle finalit\u00e0 di cui sopra e comunque per non oltre 10 anni dalla cessazione del rapporto per le Finalit\u00e0 di Servizio e per non oltre 2 anni dalla raccolta dei dati per le Altre Finalit\u00e0.<\/p>\n<p><strong>Comunicazione dei dati<\/strong><br \/>\nI dati personali e\/o i risultati delle analisi statistiche di cui sopra potranno essere comunicati a:<br \/>\n\u2022 persone, societ\u00e0 o studi professionali che prestino attivit\u00e0 di assistenza e consulenza al Titolare in materia contabile, amministrativa, legale, tributaria e finanziaria;<br \/>\n\u2022 soggetti cui la facolt\u00e0 di accedere ai dati sia riconosciuta da disposizioni di legge o da ordini delle autorit\u00e0;<br \/>\n\u2022 soggetti delegati e\/o incaricati dal Titolare all\u2019espletamento delle attivit\u00e0 correlate alla erogazione dei servizi presenti in questo Sito;<br \/>\n\u2022 a societ\u00e0 terze o altri soggetti (a titolo indicativo, provider sito web, cloud provider, provider servizio e-payment, fornitori, tecnici addetti all\u2019assistenza hardware e software, spedizionieri e vettori, istituti di credito, studi professionali, etc.) che svolgono attivit\u00e0 in outsourcing per conto del Titolare, nella loro qualit\u00e0 di responsabili del trattamento.<br \/>\nI dati personali dell\u2019interessato non saranno per nessun motivo diffusi.<br \/>\nL\u2019utente non \u00e8 obbligato a conferire al Titolare i dati richiesti dal Sito. Il conferimento dei dati al Titolare \u00e8 facoltativo, tuttavia, in caso di rifiuto del consenso per le finalit\u00e0 di cui sopra, e in caso di rifiuto del consenso alla comunicazione dei dati ai soggetti di cui sopra, ci troveremo nell\u2019impossibilit\u00e0 di erogare i servizi richiesti dall\u2019utente.<\/p>\n<p><strong>Diritti degli interessati<\/strong><br \/>\nQualsiasi persona fisica che utilizzi il nostro Sito pu\u00f2:<br \/>\n\u2022 ottenere dal Titolare, in ogni momento, informazioni circa l\u2019esistenza dei propri dati personali, l\u2019origine degli stessi, le finalit\u00e0 e le modalit\u00e0 di trattamento e, qualora presenti, di ottenere l\u2019accesso ai dati personali ed alle informazioni di cui all\u2019articolo 15 del GDPR;<br \/>\n\u2022 richiedere l\u2019aggiornamento, la rettifica, l\u2019integrazione, la cancellazione, la limitazione del trattamento dei dati nel caso ricorra una delle condizioni previste all\u2019articolo 18 del GDPR, la trasformazione in forma anonima o il blocco dei dati personali, trattati in violazione di legge, compresi quelli di cui non \u00e8 necessaria la conservazione in relazione agli scopi per i quali i dati sono stati raccolti e\/o successivamente trattati;<br \/>\n\u2022 opporsi, in tutto o in parte, per motivi legittimi, al trattamento dei dati, ancorch\u00e9 pertinenti allo scopo della raccolta ed al trattamento dei dati personali previsti ai fini di informazione commerciale o di invio di materiale pubblicitario o di vendita diretta ovvero per il compimento di ricerche di mercato o di comunicazione commerciale; ogni utente ha altres\u00ec il diritto di revocare il consenso in qualsiasi momento senza pregiudicare le liceit\u00e0 del trattamento basata sul consenso prestato prima della revoca;<br \/>\n\u2022 ricevere i propri dati personali, forniti consapevolmente ed attivamente o attraverso la fruizione del servizio, in un formato strutturato, di uso comune e leggibile da dispositivo automatico, e di trasmetterli ad un altro titolare del trattamento senza impedimenti;<br \/>\n\u2022 proporre reclamo presso l\u2019Autorit\u00e0 Garante per la protezione dei dati personali in Italia.<br \/>\nIn ogni momento il soggetto interessato potr\u00e0 inviare qualsiasi domanda o richiesta relativa ai suoi dati personali e al rispetto della privacy esercitare i suoi diritti scrivendo al Titolare tramite email.<\/p>\n<p><strong>Dati forniti volontariamente dagli utenti<\/strong><br \/>\nL\u2019inserimento facoltativo dei dati nei form presenti sul Sito (modulo di contatti, ecc.) cos\u00ec come l\u2019invio facoltativo, esplicito e volontario di dati nei moduli web o di posta elettronica agli indirizzi indicati su questo Sito, per l\u2019ottenimento di servizi specifici e\/o di comunicazioni e informazioni, comporta la successiva acquisizione dell\u2019indirizzo del mittente, necessario per rispondere alle richieste o per fornire i servizi, le comunicazioni e le informazioni richieste, nonch\u00e9 degli eventuali altri dati personali inseriti.<br \/>\nQuesto Sito e i Servizi del Titolare non sono destinati a minori di 18 anni e il Titolare non raccoglie intenzionalmente informazioni personali riferite ai minori. Nel caso in cui informazioni su minori fossero involontariamente registrate, il Titolare le canceller\u00e0 in modo tempestivo, su richiesta degli utenti.<\/p>\n<p><strong>Cookie Policy<\/strong><br \/>\nIl sito web\u00a0<a href=\"http:\/\/www.arciconfrssrosario.it\/\">www.arciconfrssrosario.it<\/a>\u00a0(in seguito, \u201c<strong>Sito<\/strong>\u201c) utilizza cookie tecnici e cookie di terze parti.<br \/>\nPerch\u00e9 sono utilizzati i cookie su questo Sito?<br \/>\nQuesto Sito utilizza i cookie al fine di ottimizzare l\u2019esperienza dell\u2019utente, per rendere la navigazione personale e facilitare l\u2019utilizzo del sito stesso.<br \/>\nAcquisizione del consenso all\u2019utilizzo dei cookie<br \/>\nL\u2019informativa e l\u2019acquisizione del consenso possono avvenire, in conformit\u00e0 alla disciplina vigente e con le modalit\u00e0 semplificate indicate dal gestore del sito web, chiudendo il banner visualizzato sul Sito.<\/p>\n<p><strong>Cookie tecnici e di statistica aggregata<\/strong><br \/>\nQuesto Sito utilizza un cookie tecnico per il tempo in cui l\u2019utente naviga il Sito (cookie di sessione), ha lo scopo di memorizzare alcune informazioni anonime per rendere pi\u00f9 sicura l\u2019erogazione dei servizi offerti (scelta della lingua di navigazione, valore per eventuali filtri di ricerca e carrello per gli acquisti).<br \/>\nSuddetto cookie tecnico viene automaticamente cancellato alla chiusura del browser.<br \/>\nUtilizziamo inoltre un cookie tecnico per memorizzare, per una durata di 12 mesi, il tuo consenso all\u2019utilizzo dei cookie su questo Sito.<br \/>\nInfine, possono essere installati cookie analitici con \u201canonimizzazione\u201d dell\u2019IP per raccogliere informazioni, in forma aggregata ed anonima, sul numero degli utenti e su come gli utenti visitano il Sito. Tali informazioni sono trattate in forma aggregata ed anonima. Il Sito non utilizza cookie di profilazione.<\/p>\n<p><strong>I cookie di terze parti<\/strong><br \/>\nQuesta tipologia di cookie integra funzionalit\u00e0 sviluppate da terzi all\u2019interno delle pagine del Sito come le icone e le preferenze espresse nei social network al fine di condivisione dei contenuti del Sito o per l\u2019uso di servizi software di terze parti (come i software per generare le mappe e ulteriori software che offrono servizi aggiuntivi). Tali funzionalit\u00e0 sono programmate in modo da non impostare alcun cookie all\u2019accesso della pagina, per salvaguardare la privacy degli utenti. Eventualmente i cookie vengono impostati, se cos\u00ec previsto dai siti di terze parti (ed esempio, social network) solo quando l\u2019utente fa effettivo e volontario uso della funzionalit\u00e0. Si tenga presente che se l\u2019utente naviga essendo loggato nel sito di terza parte allora ha gi\u00e0 acconsentito all\u2019uso dei cookie veicolati tramite questo sito al momento dell\u2019iscrizione al sito di terza parte. La raccolta e l\u2019uso delle informazioni ottenute a mezzo della funzionalit\u00e0 sono regolati dalle rispettive informative privacy dei siti di terze parti, alle quali si prega di fare riferimento.<\/p>\n<p><strong>Quali cookie di terze parti sono utilizzati<\/strong><\/p>\n<p><strong>Facebook social media<\/strong>\u00a0\u2013\u00a0<a href=\"https:\/\/www.facebook.com\/help\/cookies\/\">privacy policy<\/a>\u00a0\u2013\u00a0<a href=\"https:\/\/www.facebook.com\/help\/568137493302217\">OPT-OUT<\/a><br \/>\nAlcune delle nostre pagine utilizzano bottoni sociali o widget di Facebook che possono impostare dei cookie sul tuo computer.<\/p>\n<p><strong>Google Analytics<\/strong><br \/>\nstrumento analitico \u2013\u00a0<a href=\"https:\/\/www.google.com\/analytics\/terms\/it.html\">privacy policy<\/a>\u00a0\u2013\u00a0<a href=\"https:\/\/tools.google.com\/dlpage\/gaoptout\/\">OPT-OUT<\/a>\u00a0Cookie analitici di navigazione (opportunamente anonimizzati rendendoli quindi cookie \u201ctecnici\u201d \u2013 rif.\u00a0<a href=\"https:\/\/support.google.com\/analytics\/answer\/2763052?hl=it\">guida di Google Analytics<\/a>) generati da Google Analytics, un servizio di analisi del traffico web fornito da Google Inc. (\u201cGoogle\u201d). Google Analytics utilizza i cookie per raccogliere e analizzare in forma anonima le informazioni sui comportamenti di utilizzo del Sito. Tali informazioni vengono raccolte da Google Analytics, che le elabora allo scopo di redigere report accessibili ad operatori del Sito e\/o ad operatori esterni incaricati, che riguardano le attivit\u00e0 del sito web stesso. Google non associa l\u2019indirizzo IP a nessun altro dato posseduto da Google n\u00e9 cerca di collegare un indirizzo IP con l\u2019identit\u00e0 di un utente. Utilizzando il presente Sito web, l\u2019utente acconsente al trattamento dei dati da parte di Google per le modalit\u00e0 e i fini sopraindicati. I dati trasmessi a Google sono depositati presso i server di Google negli Stati Uniti. Google pu\u00f2 anche comunicare queste informazioni a terzi ove ci\u00f2 sia imposto dalla legge o laddove tali terzi trattino le suddette informazioni per conto di Google.<\/p>\n<p><strong>Google Maps<\/strong><br \/>\nservizio di fruibilit\u00e0 \u2013<a href=\"https:\/\/www.google.com\/intl\/it\/policies\/privacy\/\">privacy policy<\/a>\u00a0\u2013\u00a0<a href=\"https:\/\/www.google.com\/intl\/it\/policies\/privacy\/\">OPT-OUT<\/a>\u00a0Alcune pagine del Sito utilizzano le mappe interattive fornite da Google Inc. (\u201cGoogle\u201d). Google pu\u00f2 impostare dei cookie per memorizzare le informazioni e le preferenze su mappe o altri servizi Google associati alle pagine in cui abbiamo incorporato Google Maps.<\/p>\n<p><strong>Trasferimento di dati in paesi extra UE<\/strong><br \/>\nIl presente sito potrebbe condividere alcuni dei dati raccolti con servizi localizzati al di fuori dell\u2019area dell\u2019Unione Europea. In particolare con Google, Facebook e Microsoft (LinkedIn) tramite i social plugin e il servizio di Google Analytics. Il trasferimento \u00e8 autorizzato in base a specifiche\u00a0<a href=\"http:\/\/www.garanteprivacy.it\/home\/provvedimenti-normativa\/normativa\/normativa-comunitaria-e-intenazionale\/trasferimento-dei-dati-verso-paesi-terzi\">decisioni dell\u2019Unione Europea e del Garante per la tutela dei dati personali<\/a>, in particolare la decisione 1250\/2016 (<a href=\"http:\/\/eur-lex.europa.eu\/legal-content\/IT\/TXT\/?uri=CELEX%3A32016D1250\">Privacy Shield<\/a>\u00a0\u2013 qui la\u00a0<a href=\"http:\/\/www.garanteprivacy.it\/web\/guest\/home\/docweb\/-\/docweb-display\/docweb\/5306161\">pagina informativa del Garante italiano<\/a>), per cui non occorre ulteriore consenso. Le aziende sopra menzionate garantiscono la propria adesione al Privacy Shield.<\/p>\n<p><strong>Come modificare o disattivare le preferenze dei cookies<\/strong><br \/>\nDalle impostazioni del tuo browser (per esempio Internet Explorer, Safari, Firefox o Chrome) potrai stabilire quali sono i cookie che desideri ricevere e quali no. Per sapere dove puoi trovare queste impostazioni, che possono variare a seconda del browser utilizzato, usa la funzione \u201cHelp\u201d o \u201cAiuto\u201d del tuo browser.<br \/>\nQui sotto alcuni link di aiuto per impostare i cookie nei browser maggiormente diffusi:<br \/>\n<a href=\"https:\/\/support.mozilla.org\/it\/kb\/Gestione%20dei%20cookie\">Mozilla Firefox<\/a>\u00a0\u2013\u00a0<a href=\"https:\/\/windows.microsoft.com\/it-it\/windows7\/how-to-manage-cookies-in-internet-explorer-9\">Microsoft Internet Explorer<\/a>\u00a0\u2013\u00a0<a href=\"https:\/\/support.google.com\/chrome\/answer\/95647?hl=it\">Chrome<\/a>\u00a0\u2013\u00a0<a href=\"https:\/\/support.apple.com\/it-it\/HT201265\">Apple Safari<\/a><\/p>\n<p><strong>Modifiche e variazioni<\/strong><br \/>\nIl Titolare aggiorner\u00e0 periodicamente questo documento di Informativa Privacy e Cookie Policy, al fine di recepire le novit\u00e0 legislative e internazionali in materia.<br \/>\nData ultimo aggiornamento:\u00a0<strong>24 maggio 2018<\/strong>.<\/p>\n","protected":false},"excerpt":{"rendered":"<p>Informativa Privacy e Cookie Policy\u00a0 Trattamento dei dati personali ai sensi del Regolamento UE n. 679\/2016 (\u201cGDPR\u201d) Titolare del trattamento Il Titolare del trattamento dei dati \u00e8 Arciconfraternita del Santissimo Rosario del Trivione\u00a0\u00a0con sede in Via Sanzano n. 1 \u2013 80054 Gragnano (NA) Italia (in seguito, \u201cTitolare\u201c). Per contattare il Titolare inviare una email a [&hellip;]<\/p>\n","protected":false},"author":2,"featured_media":0,"parent":0,"menu_order":0,"comment_status":"closed","ping_status":"closed","template":"","meta":[],"_links":{"self":[{"href":"http:\/\/www.arciconfrssrosario.it\/index.php?rest_route=\/wp\/v2\/pages\/133"}],"collection":[{"href":"http:\/\/www.arciconfrssrosario.it\/index.php?rest_route=\/wp\/v2\/pages"}],"about":[{"href":"http:\/\/www.arciconfrssrosario.it\/index.php?rest_route=\/wp\/v2\/types\/page"}],"author":[{"embeddable":true,"href":"http:\/\/www.arciconfrssrosario.it\/index.php?rest_route=\/wp\/v2\/users\/2"}],"replies":[{"embeddable":true,"href":"http:\/\/www.arciconfrssrosario.it\/index.php?rest_route=%2Fwp%2Fv2%2Fcomments&post=133"}],"version-history":[{"count":1,"href":"http:\/\/www.arciconfrssrosario.it\/index.php?rest_route=\/wp\/v2\/pages\/133\/revisions"}],"predecessor-version":[{"id":134,"href":"http:\/\/www.arciconfrssrosario.it\/index.php?rest_route=\/wp\/v2\/pages\/133\/revisions\/134"}],"wp:attachment":[{"href":"http:\/\/www.arciconfrssrosario.it\/index.php?rest_route=%2Fwp%2Fv2%2Fmedia&parent=133"}],"curies":[{"name":"wp","href":"https:\/\/api.w.org\/{rel}","templated":true}]}}